ivative of -z**6/720 - z**5/60 - 4*z**4/3 + 9*z. Let g(x) be the third derivative of h(x). Let d = 2 + 0. What is g(d)?
-4
Let u(z) = z**3 + 15*z**2 - 18*z - 17. Let a(i) = -11*i - 93. Let p be a(-7). Determine u(p).
15
Let m(o) = -3*o**3 + 6*o + 6. Let i(k) = 4*k**3 - 9*k - 9. Let c(a) = -5*i(a) - 7*m(a). Suppose -4*y = -1 + 13. Let w = y - -1. Determine c(w).
-11
Let n(f) = -3*f - 5. Suppose 55 = 3*y + 13. Suppose 3 = 3*k - h + 13, k + 5*h + y = 0. Let l be k/(-8) + 33/(-6). Calculate n(l).
10
Let f(u) = u**3 + 7*u**2 + 6. Let t be (1044/30)/((-2)/(-5)). Let v = 80 - t. Calculate f(v).
6
Suppose -11 = 17*j - 28*j. Let g(s) = 14*s + 2. Determine g(j).
16
Let u(t) be the first derivative of -t + 2/3*t**3 - 3/2*t**2 + 11. Give u(3).
8
Let s(q) = 10*q - 60. Let k be s(7). Let f(b) = -b**3 + 10*b**2 - 3*b + 26. Let z be f(k). Let t(n) = -n**3 - 3*n**2 + 4*n - 1. Determine t(z).
-1
Let m(q) = 3*q + 3. Let p be (-45)/21 - ((-40)/56)/5. What is m(p)?
-3
Let u(n) = 7*n**2 - 8*n + 1. Let z(a) = -13*a**2 + 15*a - 1. Let p(g) = 11*u(g) + 6*z(g). Determine p(7).
-30
Let p = 1286 + -1277. Let d(c) = -c + 2. Determine d(p).
-7
Let w be 16/(-6) + (-1)/3. Let a(f) = f**3 + 3*f**2 - 2*f - 3. Let l be a(-3). Let g(u) = -u - 4 - 1 + 2*u + l. Determine g(w).
-5
Let x(c) = c + 1. Let m = 46 - 67. Let v = m + 16. What is x(v)?
-4
Let d(k) = -4*k + 39. Let y be (26/(-4))/(66/(-132)). Give d(y).
-13
Let c = 279 + -269. Let o(f) be the second derivative of -f**5/20 + 3*f**4/4 + 5*f**3/3 + 2*f**2 - 2*f. Calculate o(c).
4
Suppose -6*c - 10 + 28 = 0. Let g(j) = -4*j**2 - 2*j**2 + 2*j**2 + j**c + 2 + 3*j**2 + j. Let t be 5*-4*(-5)/50. Give g(t).
8
Let k(t) = -t + 1. Let m(w) = 7*w**3 - w**2 + 2*w - 1. Let d(f) = 2*k(f) + m(f). Give d(1).
7
Let f(x) = 8*x + 1. Let g(n) be the second derivative of n**3/6 + 10*n. Let m(v) = f(v) - 3*g(v). Determine m(2).
11
Suppose 3*x + 24 = 10*x + 66. Let u(v) be the third derivative of -v**6/120 - v**5/10 + v**3/2 - v**2. Calculate u(x).
3
Suppose w + 0*w - 26 = 0. Suppose 3*d - 5*u = -w, -2 = -d - 3*u + 8. Let b(h) = -6*h**2 - 3*h - 1. Give b(d).
-19
Let d(v) = -62 + 24 + 23 - v + 13. Calculate d(-6).
4
Let z = 1712 - 1708. Let n(b) = 2*b**2 + b - 7. What is n(z)?
29
Let n = -29 - -43. Let s(i) = -i**3 + 13*i**2 + 15*i - 9. Calculate s(n).
5
Let a(w) = -w + 1. Suppose 12 = 4*k, -4*s + k + 14 = 1. Determine a(s).
-3
Suppose -5 = -12*h + 31. Let v(i) be the first derivative of -1/4*i**4 + 4/3*i**h + 3 + 0*i**2 - 2*i. Calculate v(4).
-2
Let n(j) = 3*j + 4. Let v be 5 + (0 - (5 + -4)). Let f be (9/2 - v)*20. Suppose -30 = f*d - 5*d. Give n(d).
-14
Let f = 24 - 19. Let l(q) = -q + 1 + 0 + 0*q - f. Let r be l(-4). Let d(g) = -g**3 - g + 12. What is d(r)?
12
Let f(m) = m**3 + 3*m**2 + m - 3. Suppose 0 = 4*d - 2*j + 4, 6*j + 15 = -d + 3*j. Calculate f(d).
-6
Let s be 40/6 + 1/3. Let h(l) = 6*l - s + l**2 + 0*l**2 + 14. Suppose -c - 2*i = i + 14, -5*c - 5*i - 40 = 0. Give h(c).
2
Let v(s) be the third derivative of s**4/8 - 2*s**3 - 447*s**2. Calculate v(8).
12
Let r(v) = -10*v**2 + 1 - 2*v**3 + v**3 + 10 + 1 - 7*v. What is r(-9)?
-6
Let s(x) = 3*x**3 - 15*x**2 - 3*x - 10. Let n(z) = z**3 - 2*z**2 + z - 1. Let v(g) = 4*n(g) - s(g). Give v(-6).
0
Let t(f) be the first derivative of f**3/3 - 5*f**2/2 + 9*f + 362. Give t(4).
5
Suppose 3*n + 8*v = 11*v - 6, -n + 5*v = 18. Let s(w) = -3*w**2 - 3*w + 2. Determine s(n).
-16
Let t(d) be the third derivative of 1/3*d**4 + 1/120*d**6 - 6*d**2 + 0 + 0*d - d**3 - 2/15*d**5. What is t(7)?
1
Let z be 55/(-7) + (-5)/35 - 0. Let v(l) = l**2 + 8*l + 9. Determine v(z).
9
Let h(r) = -2*r. Suppose 0 = -3*w - w + 112. Suppose -2*o = -0*o - w. Let q = o + -11. Determine h(q).
-6
Let t(q) = q**2 - 4*q + 2. Suppose 7*b + 31 = 52. Determine t(b).
-1
Let d(i) be the second derivative of -i**6/120 + i**5/60 + i**4/6 + i**3/2 + 41*i**2/2 - 21*i. Let o(y) be the first derivative of d(y). What is o(-2)?
7
Let y(f) = 2*f. Suppose -32 = 4*v - a, 2*a + 4 = 2*v + 14. Suppose -n - 12 = -2*n. Let l = n + v. What is y(l)?
6
Suppose -12 = -0*n + 4*n. Let k(r) = 2*r + 1. Let m be k(2). Let h(s) = 6*s**2 - 1 - 4*s**3 - 2 - 4*s**2 - 3*s + m*s**3. What is h(n)?
-3
Suppose 3*y - 20 = 4*h + 6, 4*y - h = 26. Let t(o) be the second derivative of -o**5/20 + 5*o**4/12 + 2*o**3/3 + o**2 - 2*o. Give t(y).
-10
Let i(b) = 0 - 7*b + 153*b**2 - 152*b**2 + 12 - 2*b. Give i(9).
12
Let j(d) = -7*d**3 + 2*d**2 + d. Suppose 43 = -22*g + 21. Calculate j(g).
8
Let m(q) = -q**3 + 12*q**3 + q - 3*q**3 + 8*q**2 + 1 + 7*q - 9*q**3. Calculate m(9).
-8
Let u be -46 + -2 + (0 - 1). Let h be (-210)/u - (-2)/(-7). Suppose -q = h*q. Let g(z) = z**3 + z**2 + 6. Calculate g(q).
6
Suppose -4*u = -0*u - 24. Let p(l) = 2*l**2 - 6 - l + 7*l**2 - l**3 + 4*l**2 - 15*l**2 + 8*l**2. Give p(u).
-12
Let q(h) be the third derivative of 11*h**6/120 - h**5/60 - h**4/24 - h**3/6 - 3*h**2 + 22. Calculate q(-1).
-12
Let n(b) be the first derivative of b**2 - 3*b - 1. Let z(f) be the second derivative of f**3/3 - 2*f**2 - 49*f. Let p(v) = 7*n(v) - 6*z(v). Determine p(-2).
-1
Let x(m) = -14*m - 5. Let k(i) = 9*i + 510. Let p be k(-57). What is x(p)?
37
Let h(f) = -f - 2. Suppose 3*x + 5*a + 3 = -3, -4*x + 2*a = -18. Calculate h(x).
-5
Let q(v) = v**3 - v**2 - 1. Let t = -18 + 21. Suppose 0 = -4*y + y - t. Let i(x) = 3*x**3 + 5*x**2 - x - 6. Let u(n) = y*i(n) + 2*q(n). Determine u(-7).
-3
Let m(y) = y + 3*y**3 + 9*y**2 - 2 + 6*y**2 - 22*y**2 + 8*y**2 + 0*y**2. Calculate m(1).
3
Let q be (2/(-8))/((-12)/240). Let j(o) = 8*o - 35. Let i be j(q). Let v(x) = -2*x + 5. What is v(i)?
-5
Let l(i) = -8*i + 2. Let w(m) = -3*m - 3. Let a be w(-4). Let n = -45 + 41. Let j be n + a + 3/(-1). Determine l(j).
-14
Let l(n) = n**3 + 8*n**2 - 8*n + 10. Let x(w) = -3*w. Let j be x(3). Let i be l(j). Let t(o) = 7*o**3 - 1. What is t(i)?
6
Let j(i) = i + 6. Suppose 4*t - 3*v = 3, -13*v - 3 = 3*t - 10*v. Give j(t).
6
Let j(g) = 2*g + 1. Let c(o) = -6*o + 6. Let s(t) = -t + 1. Let y(h) = c(h) - 5*s(h). Let v be y(-6). Let f = 9 - v. What is j(f)?
5
Let a(c) be the second derivative of -c**6/360 - c**5/40 - c**4/6 + 3*c. Let g(n) be the third derivative of a(n). Determine g(-7).
11
Let t(b) be the third derivative of -b**5/60 - b**3/2 - 116*b**2 + 1. Calculate t(4).
-19
Let w be (-6)/(-39) - (-3476)/52. Suppose -w = -5*n - 17. Suppose j = 5*t + 6, 2*j + 0*t + t + n = 0. Let x(l) = 5*l + 5. Determine x(j).
-15
Let b(d) be the third derivative of -d**5/60 + 3*d**4/8 - 5*d**3/6 - 4*d**2. Let y be b(7). Let w(q) = -q + 10. What is w(y)?
1
Suppose f = 5*l + 8, 11*l + 4 = 10*l - f. Let i(w) = 3*w**2 + 3*w**3 - w**3 - w**3 - 1. What is i(l)?
3
Suppose -5*l = -75 - 75. Let r = 84 - l. Suppose 33 = -3*c + r. Let w(t) = t**3 - 7*t**2 + 2*t - 10. What is w(c)?
4
Let m(g) = -4*g**2 - 5 - 301*g + 0*g**2 + 303*g + g**3. Let i = 49 - 45. What is m(i)?
3
Let j(c) = -3*c - 1828 + 3676 - 1835. Determine j(5).
-2
Let w be (2/4)/(1/(-2)). Let q = -7 - w. Let i(p) be the third derivative of -p**6/120 - 7*p**5/60 - p**4/4 + p**3/3 + 168*p**2 - 3. Determine i(q).
2
Let h(u) = -7 - 2 - 4*u + 5*u - 7. Determine h(8).
-8
Let z(r) = -r**3 - 49*r**2 - 92*r + 98. Let u be z(-47). Let o(k) = -k**3 + 4*k**2 + k - 3. Calculate o(u).
1
Let c(u) be the first derivative of u**4/4 - u**3 - 2*u**2 + 4*u - 126. What is c(5)?
34
Let p(j) = 11*j**3 + 9*j**2 + 6*j - 5. Let x(g) = -13*g**3 - 11*g**2 - 7*g + 5. Let u(y) = -6*p(y) - 5*x(y). Calculate u(0).
5
Let g be 6*(10/(-6) - -2). Suppose -2*k = -3*f + 2, 3*k = -g*f - f + 27. Suppose f = 3*w - 5*w. Let t(y) = 3*y + 1. Calculate t(w).
-5
Let u(y) = 2*y**3 + 2*y + 1. Suppose 2*k - k - 4 = 0. Suppose -z + 3 = -j, 0 = -k*z + 2*j + 5 + 5. Give u(z).
21
Let a(g) = g**3 - 4*g**2 + g. Let m be (9/(-12))/((-18)/120). Give a(m).
30
Suppose -2*p = 3 - 11. Let c(n) = n + 3. Let s(i) = i + 2. Let u(m) = -5*c(m) + 6*s(m). Give u(p).
1
Let u(b) be the third derivative of -b**7/2520 + b**6/120 - b**5/24 - 9*b**4/8 - 21*b**2. Let q(s) be the second derivative of u(s). Calculate q(6).
-5
Let y = 54 - 58. Let j be 1 - (3 - -9)/y. Let m(n) = n**2 - 3*n + 4. Give m(j).
8
Let z(h) be the first derivative of -h**4/12 + 5*h**2/2 + 18*h - 8. Let t(u) be the first derivative of z(u). Give t(-4).
-11
Let q(d) = 21 - 22